ded by 36.
31
Suppose -2*o - 10 = 0, 668 = 3*z - o - 48. Let y = -126 + z. What is the remainder when y is divided by 14?
13
Let s = -2 + 6. Suppose -60*x - 165 = -71*x. Calculate the remainder when x is divided by s.
3
Let f(c) = -12*c - 19. Let h be f(-8). Suppose 4*i = m + 8*i - h, -2 = i. What is the remainder when m is divided by 22?
19
What is the remainder when 166 is divided by (-18876)/(-351) + (-2)/(-9)?
4
Let l(a) = 2*a**3 + 23*a**2 + 9*a - 9. Calculate the remainder when 90 is divided by l(-11).
12
Let j(v) = -v**2 + 21*v + 87. What is the remainder when j(17) is divided by 39?
38
Let v = -102 + 114. Calculate the remainder when 22 is divided by v.
10
Let r(m) be the second derivative of m**5/20 - m**4 + m**3/6 - 4*m**2 - 18*m. Calculate the remainder when 18 is divided by r(12).
2
Suppose -k + 0 = -3. Let n(s) = 7*s - 7. Let v be n(7). Suppose 22*z = 19*z + v. Calculate the remainder when z is divided by k.
2
Let t(f) = 13*f - 133. Calculate the remainder when (135/(-6) + -2)*-2 is divided by t(11).
9
Suppose -39 + 823 = 7*n. Calculate the remainder when n is divided by 24.
16
Suppose -4 = 10*g - 4. Suppose -5*p = 4*f - 34, g = -10*f + 7*f + 3*p + 39. Calculate the remainder when 32 is divided by f.
10
Suppose 930 - 70 = 20*j. Calculate the remainder when 131 is divided by j.
2
Suppose 0 = 4*m - 48. Suppose -z - c = -11, -2*z - z + 4*c = 2. Suppose 0 = -z*h + 96 + 102. What is the remainder when h is divided by m?
9
Let w(g) = 7*g - 7. Let v(a) = -4*a + 3. Let f(x) = -9*v(x) - 4*w(x). Let m be f(4). Let p = m + -28. Calculate the remainder when p is divided by 3.
2
Let w(z) = 5 + 1 - 15*z - 1 - 2. Calculate the remainder when ((-9)/6)/(2/(-92)) is divided by w(-1).
15
Suppose -5*c - 5*u = -7*u - 252, 0 = -c - 5*u + 72. What is the remainder when c is divided by 18?
16
Let b(d) = -2*d - 7. Let v be b(-2). Let u = v - -11. What is the remainder when 29 is divided by u?
5
Let h(g) = g. Let z(d) = 8*d - 53. Let m(p) = 2*h(p) + z(p). What is the remainder when m(8) is divided by 10?
7
Let o = -50 + 41. Let m be (1 - 0)*(-7 - -3). Let q = m - o. Calculate the remainder when 7 is divided by q.
2
Let x = 142 + -88. Let y = x - 27. Let p = -14 - -21. What is the remainder when y is divided by p?
6
Suppose 7*o - 195 = 218. Calculate the remainder when o is divided by 13.
7
Suppose -1539 = 5*b - 2014. Let l(p) = 24*p + 1. Calculate the remainder when b is divided by l(2).
46
Let d(l) be the first derivative of -l**3/3 - 23*l**2/2 - 13*l + 15. Let g = -79 - -135. Calculate the remainder when g is divided by d(-21).
27
Suppose -3*q - 4*t = -26, 4 = -3*q - 0*t + 2*t. Let b be 11 + q + (-5 - -2). Let z(o) = -o**2 + 12*o - 3. Calculate the remainder when 48 is divided by z(b).
14
Suppose -2*n - 16 = -2*l, -3*n + 34 = 4*l + 2. Let o(y) = -3 + l - 1 - 8*y. Calculate the remainder when o(-6) is divided by 14.
10
Let b = 5 - 3. Let k(r) = -17*r + 289. Let d be k(17). Suppose b*y + 40 - 146 = d. What is the remainder when y is divided by 18?
17
Suppose 3*o - 23 = 25. Calculate the remainder when 90 is divided by o.
10
What is the remainder when ((-9)/2)/(((-90)/(-192))/(-5)) is divided by 13?
9
Let h = 149 - -65. Calculate the remainder when h is divided by 36.
34
What is the remainder when 59 is divided by (10 - 768/78) + (-180)/(-13)?
3
Let v be 2/12 - 428/(-24). Calculate the remainder when 34 is divided by ((-8)/(-20))/(v/(-15))*-21.
6
Let g be 24/156 - 24/(-13). Suppose 4*c - f = 44 + 11, -5*f = -g*c + 23. Let o = 117 - 76. Calculate the remainder when o is divided by c.
13
Let k(v) = -60*v - 2 + 15 + 62*v. Let d(t) = t + 1. Let f be d(6). Calculate the remainder when 78 is divided by k(f).
24
What is the remainder when (-2940)/(-168)*(-56)/30*-3 is divided by 69?
29
Suppose 5*v - 3*k - 10 = 0, -30 = 65*v - 69*v - 2*k. What is the remainder when 8 is divided by v?
3
Suppose 3*j = -s + 19, -11*s + j - 38 = -13*s. Suppose 0 = 3*p - 61 - 47. What is the remainder when p is divided by s?
17
Let q(z) = 5*z + 43. What is the remainder when q(26) is divided by 35?
33
Suppose 0 = 5*c - 34 - 41. Let j = 114 - 71. Calculate the remainder when j is divided by c.
13
Let d = -2321 + 2327. Suppose r = -3*f + 48, 3*f + 4*r - 28 = 29. What is the remainder when f is divided by d?
3
Let l = 82 + -27. Calculate the remainder when l is divided by (-20)/(-8)*76/10.
17
Suppose -3*y - j - 28 = 4*j, y - 3*j - 14 = 0. Let r be 72/y*(-1)/(-2). Calculate the remainder when 88 is divided by ((-312)/r)/((-4)/(-6)).
10
Suppose 3*x + 2*r = 22, -x = 3*r - r - 10. Let z be 2/(-7) - (-92)/28. What is the remainder when 14 + (z + -1 - 0) is divided by x?
4
Let d(w) = w + 13. Suppose -5*g - 35 = -o, -g + 4*o - 20 = 6. Let x be d(g). Let b = x + 1. What is the remainder when 29 is divided by b?
5
Let g(p) = -14*p**3 + p**2 + 5*p + 15. What is the remainder when g(-2) is divided by 51?
19
Let s(y) = 8*y - 11. Let g be s(2). Suppose 2*u + 4*f - 90 = 0, 2*u + 2*u - 193 = g*f. Calculate the remainder when u is divided by 10.
7
Suppose -4*y = 2*y - 12. What is the remainder when 59 is divided by (19/y - 2)/((-6)/(-8))?
9
Let g(m) = -24*m - 227. What is the remainder when g(-14) is divided by 65?
44
Let s(p) = -p**2 + 16*p + 18. Let l be s(16). Suppose 2*v + l = 82. Calculate the remainder when 125 is divided by v.
29
Let m(l) = -6*l**2 + 88*l + 1. Calculate the remainder when m(12) is divided by 50.
43
Suppose -11 = -3*b + 10. Let v be (-4)/(-5)*(-13 - b). What is the remainder when (52/v - -3)*-188 is divided by 24?
23
What is the remainder when (-1)/5 + 46/5 is divided by 1*(2 + (4 + -3)/1)?
0
Let o(s) = -2*s**2 - 2*s + 1. Let m be o(1). What is the remainder when 37 is divided by (2*9)/(m/(-2))?
1
Let v(b) = b**2 - 21*b + 32. What is the remainder when v(20) is divided by 1?
0
Let z(k) = -2*k**3 + 22*k**2 + 25*k - 9. What is the remainder when 24 is divided by z(12)?
0
Suppose 0 = 3*m - 5 + 8, 4*b - 88 = 4*m. Calculate the remainder when 83 is divided by b.
20
Let p = 0 - 4. What is the remainder when 3879/99 + ((-18)/(-33))/(-3) is divided by -2 - (p + 2 + -10)?
9
Let d be -2 - ((-76)/4 - -2). Calculate the remainder when (-628)/(-6) - (0 - (-10)/d) is divided by 15.
14
Let n(b) = 88*b**2 + 11*b + 12. What is the remainder when 1867 is divided by n(-1)?
87
Suppose -354 = -8*f + 390. Calculate the remainder when f is divided by 5.
3
Let u(n) be the third derivative of n**4/24 + 13*n**3/6 - 6*n**2. Calculate the remainder when u(-4) is divided by 6.
3
Suppose 3*a - 2*a - 5*x = 9, -5*a + 2*x = -91. Suppose -5*d + 10*d = -g - 7, -3*g + 9 = 5*d. What is the remainder when a is divided by g?
3
Suppose 0 = 6*s + 63 - 3. Let u(t) = -2*t - 8. Calculate the remainder when 21 is divided by u(s).
9
Let l be (8 - -92) + 2/(-1). Suppose -l = -2*d + 4*n, 2*d + d + 2*n = 163. What is the remainder when d is divided by 27?
26
Calculate the remainder when 45 is divided by ((-10)/(-8))/((9/(-3))/(-36)).
0
Suppose -7*x + 2*u = -4*x - 461, 0 = 4*x - u - 613. Let f = 8 - -31. What is the remainder when x is divided by f?
36
Suppose -6*q + 955 = 79. Calculate the remainder when q is divided by 10.
6
Let q = 315 + -312. Let o(b) = 4*b**2 - 2*b + 2. Let u be o(2). Suppose 0 = -i - 2*i + x + u, -2*i + 3*x = -7. What is the remainder when i is divided by q?
2
Let l(o) = o**2 - 9. Let i be l(4). Suppose -5*f + 40 = -5*r, -3*f = 4*r - 10 + i. What is the remainder when 15 is divided by f?
0
Let r(m) = -m**3 + 17*m**2 + 21*m - 8. Suppose 23*k + 36 = 25*k. Calculate the remainder when r(k) is divided by 6.
4
Let g(p) = 17*p**2 + p + 1. Let a be (6/(-2))/(-1)*1/(-3). Calculate the remainder when g(a) is divided by 9.
8
Let w = -92 - -207. Let v = w + -83. Calculate the remainder when (8/(-6))/((-2)/93) is divided by v.
30
Suppose -2*k + 5 = -k. Suppose -5*m = k*q - 50, 3*q = 5*m - 0*q - 90. Calculate the remainder when m is divided by ((-10)/(-30))/(2/54).
6
Calculate the remainder when 101 is divided by 4/((-7)/((-315)/12)).
11
Let w = 2 + 35. Suppose -123 - w = -5*s. Calculate the remainder when s is divided by 5.
2
What is the remainder when (-6 - -4 - -94)*(-105)/(-28) is divided by 14?
9
Let h(j) = 10*j**2 + 41. What is the remainder when 110 is divided by h(0)?
28
Suppose 428 = 3*u - 82. Suppose -8*h = 